
False
Is 29 a factor of 369?
False
Is 1270 a multiple of 12?
False
Is 2688 a multiple of 42?
True
Is 2 a factor of 6724?
True
Does 12 divide 87621?
False
Is 25 a factor of 853?
False
Does 12 divide 3011?
False
Does 15 divide 12900?
True
Is 57232 a multiple of 16?
True
Is 4032 a multiple of 56?
True
Does 15 divide 330?
True
Is 45 a factor of 5175?
True
Is 1488 a multiple of 48?
True
Does 38 divide 2242?
True
Is 277 a multiple of 2?
False
Does 4 divide 24422?
False
Is 106 a factor of 5194?
True
Is 17 a factor of 19629?
False
Is 1774 a multiple of 14?
False
Is 12 a factor of 72?
True
Is 20 a factor of 68580?
True
Is 65383 a multiple of 11?
False
Is 17574 a multiple of 202?
True
Is 546 a multiple of 26?
True
Is 25 a factor of 2445?
False
Is 1596 a multiple of 14?
True
Does 5 divide 4320?
True
Is 17 a factor of 65478?
False
Does 209 divide 129998?
True
Is 749 a multiple of 3?
False
Is 99 a factor of 32971?
False
Does 11 divide 1969?
True
Is 15272 a multiple of 10?
False
Does 81 divide 62208?
True
Is 190 a multiple of 10?
True
Is 52 a factor of 1116?
False
Does 33 divide 1914?
True
Is 9232 a multiple of 33?
False
Does 31 divide 17833?
False
Does 36 divide 504?
True
Is 2770 a multiple of 80?
False
Is 18 a factor of 146?
False
Is 5 a factor of 60?
True
Does 15 divide 2205?
True
Is 987 a multiple of 47?
True
Is 192 a multiple of 16?
True
Is 12 a factor of 5520?
True
Does 29 divide 24115?
False
Is 451 a multiple of 11?
True
Is 10 a factor of 296?
False
Is 59 a factor of 9794?
True
Does 12 divide 26088?
True
Does 68 divide 2040?
True
Is 11 a factor of 7423?
False
Is 1675 a multiple of 17?
False
Is 12 a factor of 1536?
True
Does 27 divide 6028?
False
Does 23 divide 7291?
True
Does 12 divide 72?
True
Is 408 a multiple of 23?
False
Is 111 a factor of 44143?
False
Is 43908 a multiple of 16?
False
Is 13 a factor of 1110?
False
Is 36 a factor of 2916?
True
Is 22657 a multiple of 78?
False
Does 10 divide 210?
True
Does 75 divide 27600?
True
Does 11 divide 1831?
False
Is 3422 a multiple of 19?
False
Does 32 divide 384?
True
Is 1561 a multiple of 64?
False
Is 21154 a multiple of 17?
False
Is 31 a factor of 3255?
True
Does 52 divide 1003?
False
Does 28 divide 2044?
True
Is 11769 a multiple of 331?
False
Is 14461 a multiple of 8?
False
Is 55 a factor of 21230?
True
Does 19 divide 8037?
True
Is 177 a factor of 81420?
True
Is 21 a factor of 42?
True
Is 4 a factor of 64410?
False
Is 125 a factor of 6000?
True
Does 20 divide 520?
True
Does 33 divide 8811?
True
Is 16 a factor of 905?
False
Is 14 a factor of 943?
False
Does 13 divide 56610?
False
Is 63 a multiple of 3?
True
Does 14 divide 6847?
False
Is 10752 a multiple of 56?
True
Is 22302 a multiple of 59?
True
Does 12 divide 219?
False
Does 190 divide 18121?
False
Does 13 divide 624?
True
Is 34 a factor of 4182?
True
Is 73 a factor of 4745?
True
Is 2 a factor of 8145?
False
Is 3 a factor of 24?
True
Does 137 divide 2466?
True
Is 144 a factor of 22176?
True
Is 28 a factor of 224?
True
Is 133485 a multiple of 11?
True
Is 693 a multiple of 7?
True
Is 4 a factor of 3929?
False
Is 19 a factor of 1215?
False
Does 150 divide 7350?
True
Does 41 divide 1137?
False
Does 15 divide 570?
True
Is 158 a factor of 104345?
False
Does 2 divide 119?
False
Is 24 a factor of 4341?
False
Is 9 a factor of 225?
True
Is 60088 a multiple of 28?
True
Does 15 divide 317?
False
Is 28596 a multiple of 53?
False
Does 74 divide 4662?
True
Is 2 a factor of 11501?
False
Does 17 divide 203?
False
Is 24 even?
True
Does 19 divide 8988?
False
Is 159 a multiple of 2?
False
Does 25 divide 27188?
False
Does 24 divide 6024?
True
Is 11860 a multiple of 10?
True
Is 158 a factor of 26228?
True
Does 6 divide 47478?
True
Does 11 divide 1595?
True
Is 19080 a multiple of 18?
True
Is 80 a multiple of 40?
True
Does 308 divide 46508?
True
Is 150 a multiple of 10?
True
Does 148 divide 17574?
False
Is 14 a factor of 2108?
False
Does 23 divide 1231?
False
Is 23 a factor of 1886?
True
Is 71 a factor of 9869?
True
Is 28 a factor of 17304?
True
Is 569 a multiple of 49?
False
Is 10535 a multiple of 7?
True
Does 3 divide 911?
False
Is 21549 a multiple of 11?
True
Is 50 a factor of 1450?
True
Is 11 a factor of 9487?
False
Does 13 divide 572?
True
Does 28 divide 2912?
True
Does 32 divide 4704?
True
Is 2960 a multiple of 80?
True
Is 12 a factor of 73116?
True
Is 1960 a multiple of 35?
True
Is 10440 a multiple of 24?
True
Is 145 a multiple of 4?
False
Does 11 divide 38?
False
Is 8 a factor of 568?
True
Is 829 a multiple of 3?
False
Does 14 divide 17901?
False
Is 18880 a multiple of 20?
True
Is 41 a multiple of 5?
False
Does 8 divide 5499?
False
Is 4056 a multiple of 33?
False
Does 71 divide 1121?
False
Is 8 a factor of 144?
True
Does 18 divide 29538?
True
Is 4 a factor of 273?
False
Is 145 a factor of 21405?
False
Is 13 a factor of 33904?
True
Is 7 a factor of 3335?
False
Does 46 divide 14674?
True
Is 1315 a multiple of 14?
False
Is 751 a multiple of 10?
False
Is 768 a multiple of 32?
True
Does 14 divide 370?
False
Does 48 divide 30000?
True
Does 7 divide 130?
False
Is 46 a factor of 36931?
False
Does 18 divide 360?
True
Is 1017 a multiple of 9?
True
Does 17 divide 8704?
True
Is 1105 a multiple of 14?
False
Is 112 a factor of 2763?
False
Is 85 a multiple of 14?
False
Is 15 a factor of 150?
True
Is 3383 a multiple of 10?
False
Is 1160 a multiple of 57?
False
Is 675 a multiple of 45?
True
Does 7 divide 80?
False
Is 110 a factor of 26122?
False
Is 66 a factor of 7524?
True
Does 57 divide 399?
True
Is 13478 a multiple of 64?
False
Is 81768 a multiple of 8?
True
Does 31 divide 86118?
True
Does 10 divide 2652?
False
Does 163 divide 13091?
False
Is 82 a factor of 3198?
True
Is 10 a factor of 1462?
False
Is 1452 a multiple of 12?
True
Does 203 divide 104685?
False
Does 77 divide 76384?
True
Does 141 divide 28764?
True
Is 8 a factor of 34240?
True
Is 3 a factor of 530?
False
Does 11 divide 14459?
False
Is 7 a factor of 749?
True
Is 10 a factor of 1430?
True
Is 140063 a multiple of 119?
True
Is 4 a factor of 120?
True
Does 42 divide 2820?
False
Does 20 divide 1304?
False
Does 12 divide 1416?
True
Is 10 a factor of 624?
False
Is 2799 a multiple of 9?
True
Is 13 a factor of 34827?
True
Is 13 a factor of 1079?
True
Is 294 a multiple of 42?
True
Is 24882 a multiple of 78?
True
Does 67 divide 45479?
False
Does 25 divide 325?
True
Is 45910 a multiple of 143?
False
Is 6870 a multiple of 185?
False
Is 11 a factor of 10424?
False
Does 9 divide 1377?
True
Does 28 divide 11452?
True
Is 4816 a multiple of 41?
False
Does 11 divide 4521?
True
Is 11177 a multiple of 66?
False
Does 13 divide 140?
False
Does 12 divide 1464?
True
Is 21 a factor of 462?
True
Is 5 a factor of 1544?
False
Is 12 a factor of 4008?
True
Is 8 a factor of 3477?
False
Does 6 divide 54?
True
Does 62 divide 7316?
True
Does 88 divide 8679?
False
Is 968 a multiple of 22?
True
Is 3 a factor of 305?
False
Is 1032 a multiple of 24?
True
Is 21119 a multiple of 7?
True
Is 36828 a multiple of 18?
True
Is 3 a factor of 2577?
True
Is 204 a multiple of 12?
True
Does 63 divide 100863?
True
Is 53 a factor of 2834?
False
Is 36 a factor of 6157?
False
Is 2 a factor of 6519?
False
Is 3 a factor of 504?
True
Is 205 a factor of 2870?
True
Does 22 divide 967?
False
Is 8 a factor of 781?
False
Is 6 a factor of 18?
True
Does 31 divide 155?
True
Is 240 a factor of 19676?
False
Is 13 a factor of 11362?
True
Is 4645 a multiple of 28?
False
Does 16 divide 2560?
True
Does 29 divide 37420?
False
Does 52 divide 188?
False
Is 74725 a multiple of 395?
False
Does 28 divide 900?
False
Does 8 divide 816?
True
Is 114 a factor of 12689?
False
Does 142 divide 47854?
True
Is 1013 a multiple of 13?
False
Is 2385 a multiple of 45?
True
Does 54 divide 270?
True
Is 84 a factor of 11093?
False
Is 6 a factor of 781?
False
Is 2738 a multiple of 37?
True
Is 13 a factor of 41246?
False
Is 7175 a multiple of 35?
True
Is 46 a factor of 1150?
True
Is 79950 a multiple of 50?
True
Is 46 a factor of 356?
False
Is 9 a factor of 300?
False
Does 49 divide 3967?
False
Is 10 a factor of 10153?
False
Is 12 a factor of 828?
True
Does 42 divide 594?
False
Is 9 a factor of 126?
True
Does 12 divide 2496?
True
Is 10 a factor of 5240?
True
Does 12 divide 15360?
True
Is 1910 a multiple of 28?
